the highest common divisor of 2876 and 68651558?
1438
What is the highest common factor of 8685991 and 8149?
281
What is the highest common divisor of 12331276 and 96?
4
What is the highest common divisor of 82 and 1546785147?
41
Calculate the greatest common factor of 367688835 and 255.
255
Calculate the highest common factor of 1695 and 3103770.
15
Calculate the highest common divisor of 16212 and 53654.
386
Calculate the highest common divisor of 68424960 and 384.
384
Calculate the greatest common factor of 5457 and 98906.
17
Calculate the greatest common divisor of 24250 and 513130.
970
Calculate the greatest common factor of 7623 and 243654.
3
Calculate the highest common divisor of 10086 and 401488359.
5043
What is the greatest common factor of 18283208 and 24?
8
Calculate the highest common divisor of 5520869 and 170.
17
What is the highest common divisor of 2619748 and 37851?
1147
Calculate the greatest common factor of 4590 and 4785738.
102
Calculate the greatest common factor of 2010 and 11440585.
335
Calculate the greatest common divisor of 13 and 4453982.
13
What is the highest common divisor of 265955 and 2125166?
1237
What is the greatest common factor of 15982 and 181780?
122
Calculate the highest common factor of 50 and 24499.
1
Calculate the highest common divisor of 124504 and 221231.
197
Calculate the greatest common divisor of 91 and 231842.
13
Calculate the greatest common factor of 184368 and 59156.
92
Calculate the highest common divisor of 16134860 and 7070.
70
What is the highest common factor of 51310527 and 6036?
1509
Calculate the greatest common factor of 53176 and 71928.
8
What is the greatest common divisor of 16420500 and 1275?
75
What is the greatest common divisor of 612 and 11099436?
204
Calculate the greatest common factor of 13920 and 46902.
6
Calculate the greatest common divisor of 18325376 and 4.
4
Calculate the highest common factor of 9389 and 411189.
41
What is the highest common divisor of 225 and 5112225?
225
Calculate the greatest common factor of 21821250 and 1892.
22
Calculate the highest common factor of 2835 and 5675.
5
Calculate the greatest common factor of 848 and 22112.
16
What is the greatest common factor of 53667 and 185565?
267
Calculate the greatest common factor of 62936063 and 111463.
10133
What is the greatest common divisor of 1583285 and 12925?
55
What is the highest common divisor of 2112 and 10888512?
192
Calculate the highest common divisor of 85355441 and 3589.
97
What is the highest common divisor of 1035506 and 322?
46
What is the highest common divisor of 412480 and 3593732?
5156
Calculate the highest common factor of 335214 and 20966.
22
What is the greatest common factor of 79820724 and 6?
6
What is the highest common factor of 344512 and 336?
112
What is the greatest common divisor of 5398 and 85418?
2
Calculate the greatest common factor of 1937 and 580099.
13
Calculate the highest common factor of 2276 and 678883004.
2276
Calculate the greatest common divisor of 9731920 and 990.
110
Calculate the greatest common divisor of 7725 and 1885209.
309
Calculate the greatest common factor of 326502 and 143616.
1122
What is the highest common divisor of 2011 and 438645353?
2011
Calculate the highest common divisor of 90 and 1689010.
10
What is the greatest common divisor of 224600 and 25240?
40
Calculate the highest common divisor of 739 and 83065817.
739
Calculate the highest common divisor of 252582 and 6552942.
2838
What is the highest common factor of 14 and 33310634?
14
What is the highest common factor of 8851728 and 10776?
24
What is the highest common divisor of 22208 and 17644603?
347
What is the greatest common factor of 97565 and 179075?
1235
What is the highest common divisor of 228750 and 75762?
366
What is the greatest common factor of 7111 and 3325213?
547
Calculate the greatest common divisor of 1112 and 2154848.
8
What is the highest common divisor of 42831 and 3501?
9
What is the highest common divisor of 457079368 and 276?
92
Calculate the greatest common factor of 85255 and 228310.
1445
Calculate the highest common factor of 59625 and 628500.
375
What is the highest common factor of 190 and 1371640?
10
What is the highest common factor of 26244 and 438863832?
2916
What is the highest common factor of 9236014 and 222?
74
What is the greatest common factor of 27462 and 22866294?
1194
Calculate the highest common divisor of 110885 and 2389489.
331
Calculate the highest common divisor of 28998 and 1257654.
1074
What is the highest common divisor of 18882878 and 1407?
469
Calculate the greatest common divisor of 7301055 and 3029.
233
Calculate the highest common divisor of 345562 and 161.
7
What is the highest common factor of 4 and 393555908?
4
Calculate the highest common divisor of 2326488 and 1424481.
4929
What is the highest common factor of 472330 and 4827600?
1490
What is the greatest common divisor of 351 and 28759341?
39
Calculate the greatest common factor of 225557 and 60239.
59
What is the greatest common divisor of 312364095 and 15?
15
Calculate the highest common divisor of 2173 and 5546397.
53
Calculate the highest common factor of 2947 and 63425334.
2947
What is the greatest common factor of 1886730 and 816?
6
What is the highest common factor of 2082632 and 16?
8
Calculate the greatest common divisor of 189 and 41674311.
189
Calculate the greatest common factor of 46784 and 94758.
34
What is the highest common divisor of 1533537 and 1179?
9
Calculate the highest common factor of 6203034 and 93274.
626
What is the highest common divisor of 3321535 and 20?
5
Calculate the highest common divisor of 10125 and 40526325.
2025
Calculate the greatest common factor of 55 and 18987705.
55
What is the greatest common factor of 405 and 31121840?
5
Calculate the highest common divisor of 39939 and 17193.
3
What is the highest common divisor of 956 and 3300590?
478
What is the highest common factor of 1703277990 and 135?
135
Calculate the greatest common divisor of 5319 and 224721.
27
What is the greatest common factor of 168 and 92370411?
21
Calculate the highest common factor of 13639245 and 60.
15
What is the highest common factor of 189330 and 1470?
30
What is the greatest common divisor of 10815032 and 744?
248
Calculate the highest common factor of 38916 and 917064.
1692
What is the greatest common divisor of 2379 and 74847?
183
Calculate the highest common factor of 680948 and 1295.
37
Calculate the highest common divisor of 63099 and 891486.
81
Calculate the greatest common divisor of 96000 and 172950.
150
Calculate the highest common divisor of 19314 and 128242.
74
Calculate the greatest common factor of 74810 and 38570.
10
What is the highest common divisor of 198 and 165451638?
66
What is the greatest common divisor of 68 and 2156871396?
68
What is the greatest common divisor of 1316503518 and 8426?
8426
Calculate the highest common factor of 26784 and 1350000.
432
What is the greatest common factor of 1123 and 84083502?
1123
Calculate the greatest common factor of 12133 and 22143.
11
Calculate the greatest common divisor of 35046424 and 504.
56
What is the greatest common divisor of 23250250 and 500?
250
Calculate the greatest common divisor of 242968 and 34032086.
5522
Calculate the greatest common divisor of 59444654 and 190.
38
Calculate the highest common factor of 568 and 11509810.
142
Calculate the highest common divisor of 1848 and 1834536.
264
What is the highest common factor of 496 and 89354152?
248
What is the greatest common factor of 1734 and 3214122?
102
Calculate the greatest common divisor of 27600 and 8376.
24
What is the highest common divisor of 7458898 and 118?
118
What is the greatest common factor of 8505 and 2674035?
315
Calculate the greatest common divisor of 498 and 190263.
3
Calculate the highest common divisor of 3018340 and 2356.
76
Calculate the highest common divisor of 1670338 and 4444.
202
Calculate the highest common divisor of 5924826 and 222102.
486
Calculate the greatest common factor of 3905567 and 458228.
1181
What is the highest common factor of 2294597 and 165693?
5021
Calculate the highest common divisor of 650 and 184145.
65
What is the highest common divisor of 66924 and 7326?
198
What is the greates